ate the greatest common factor of 1 and w.
1
Let p(v) = 15*v - 471. Let y be p(34). What is the greatest common divisor of y and 93?
3
Let l = 15 - -3. Let s be 213 + -57 + 6/1. What is the highest common divisor of l and s?
18
Let w(o) = o**3 - 28*o**2 + 52*o + 13. Let t be w(26). What is the highest common divisor of t and 4?
1
Suppose 2*j - 47 = -5*f, 0 = -2*j - 0*f + 2*f + 82. Let n = 47 - j. What is the highest common divisor of n and 44?
11
Let k(f) = f**3 - 11*f**2 + 10*f + 9. Let t be k(10). Suppose t*s = 8*s. Suppose s = 5*h + 54 - 264. What is the highest common factor of h and 28?
14
Let y = -49 - -89. Let p = -7 + 31. Let j = -16 + p. Calculate the greatest common factor of j and y.
8
Let f be 2195/20 - 110/(-88). What is the highest common divisor of 1665 and f?
111
Suppose 2642 = 9*q + 959. Suppose -3*b + 13 = -2*s + 4*s, 5*s + 2*b - 49 = 0. Calculate the greatest common factor of s and q.
11
Let t be ((-90)/(-21))/(2/14). Let x = t - 16. Calculate the highest common factor of x and 35.
7
Let w(o) = 225*o - 20. Let s be w(1). What is the highest common factor of 41 and s?
41
Let z(d) = -d**3 + 4*d**2 + 6*d - 8. Suppose -5*v + 10 + 10 = 0. Let p be z(v). What is the greatest common factor of p and 176?
16
Let l = 5 + 2. Suppose -37*o + 35*o + 38 = 0. Let t = o - l. Calculate the highest common divisor of t and 84.
12
Let g be -26 - 1/3*3. Let r = g + 28. Let z be 7 + -1 + (r - 1). What is the greatest common factor of 2 and z?
2
Let w(s) = s**2 - 4*s + 2. Let f be w(4). Suppose -f*x - y + 22 = 0, 2*x + x - 5*y - 59 = 0. Let q = -4 - -82. What is the highest common divisor of q and x?
13
Let m = 64 - 52. Let d = m + -5. What is the greatest common factor of 35 and d?
7
Suppose 53 = 3*z + 5*g, -4*z + 37 = -2*g + 1. Let d(h) = -45*h**3 - 2*h**2 - 3*h - 2. Let l be d(-1). Calculate the highest common divisor of z and l.
11
Let u = 733 + -681. Calculate the greatest common divisor of u and 208.
52
Let y be (1300/(-15))/((-4)/6). Suppose 4*o - 36 = p + 48, 5*o - y = -5*p. Calculate the highest common factor of o and 198.
22
Suppose 26*j = 46*j - 1460. What is the greatest common divisor of j and 292?
73
Let y be -5*(6 - 7)/1. Let i(j) = j**2 + 4*j. Let s be i(-4). Suppose u = -s*u + 55. What is the highest common divisor of y and u?
5
Let l(n) be the second derivative of -n**4/12 - 2*n**3 - 14*n**2 - 12*n. Let o be l(-7). Calculate the greatest common factor of 28 and o.
7
Suppose 0*p + p = -h + 54, -p + 74 = 5*h. Suppose 3*b = -0*b + 63. What is the highest common factor of b and p?
7
Let f be 2172/42 - (-6)/21. Suppose -6*i + f = 10. What is the greatest common factor of 63 and i?
7
Let h = 993 + -983. Calculate the greatest common factor of h and 270.
10
Suppose 0 = -46*d + 18*d + 1344. What is the highest common divisor of d and 168?
24
Suppose 2*m + 3*m - 575 = 0. Suppose 0*x = -5*x + m. What is the highest common factor of 161 and x?
23
Suppose 1 = -4*p + 17. Let g = 8 - p. Suppose -n = 4*o + 10, -3 = g*n - 3*o - 20. Calculate the highest common divisor of 14 and n.
2
Let h(g) = -g**2 - 7*g - 4. Let m be h(-5). Let y be m/(-4)*(-84)/7. Let l(t) = t**2 - 4*t - 3. Let b be l(-2). What is the highest common factor of b and y?
9
Suppose -2*h - 2*m + 0*m + 18 = 0, 2*m + 8 = 0. What is the greatest common divisor of 403 and h?
13
Let d = -105 - -193. Calculate the greatest common factor of 8 and d.
8
Suppose s - 6 = -2*y, 0 = 4*s - 0*s - 4*y. Suppose 0 = -2*a + s*u + 54, -4*a + 3*u + 50 = -2*a. Calculate the greatest common factor of 248 and a.
31
Suppose -10*l = 8*l - 1764. What is the highest common factor of 686 and l?
98
Suppose 5*t + 0*t - 10 = 0. Let k = t + 2. Let z = -302 - -338. Calculate the highest common factor of k and z.
4
Let i = -120 + 154. Calculate the highest common factor of i and 408.
34
Let d(i) = i**2 + 2*i + 13. Let j be d(-6). Let b = 52 - j. What is the greatest common divisor of 6 and b?
3
Suppose h - 213 = 3*l, -10*l + 6*l = 2*h - 376. Calculate the highest common divisor of h and 18.
18
Let v(t) = 18*t**2 + 2*t. Let k be v(1). Let j be 182/3 - (-2)/(-3). What is the highest common factor of k and j?
20
Suppose -7*c + 45 = 3. Let x be (-3*(-1)/(-1))/(c/(-4)). Let r = 7 - -9. What is the greatest common divisor of x and r?
2
Let l = 125 + -214. Let r = 109 + l. Calculate the highest common factor of r and 4.
4
Suppose -60 - 75 = -5*k. Let s(x) = -x + 57. Let g be s(k). What is the greatest common factor of 120 and g?
30
Let s be (-4)/(-22) - 80/(-44). Let x be (9 - 13)/((-1)/4). Calculate the highest common divisor of x and s.
2
Let i be ((-4)/5)/(1/(-5)). Let c be 226/8 + 4/(-16). What is the greatest common factor of c and i?
4
Let t(f) = 3*f + 46. Let k be t(-7). Let p be (-2)/5 - (-210)/k. Calculate the greatest common divisor of p and 28.
4
Let l(q) = 14*q + 4. Let d be l(3). What is the greatest common factor of 414 and d?
46
Suppose -44*o + 31691 = 23*o. Calculate the greatest common divisor of 121 and o.
11
Suppose -5*j + 83 + 97 = 0. Let o(x) = 16*x - 179. Let h be o(14). Calculate the greatest common divisor of j and h.
9
Let x be 0/(-2) - (28 - -4). Let v be 38/8 - 8/x. Suppose -2*i - v*r - 270 = -7*i, 2*r = 5*i - 270. Calculate the highest common divisor of 18 and i.
18
Let n be 5/(-5) - (-7 + 2). Suppose -2*x + 4*d = -66, 2*x = -n*d + 87 - 21. Suppose -5*b = -32 - x. What is the greatest common divisor of 117 and b?
13
Let o = -1750 + 1771. Calculate the greatest common factor of o and 189.
21
Let g(m) = -2*m**3 - 10*m**2 - 18*m + 5. Let l be g(-4). What is the highest common divisor of l and 360?
45
Suppose -5*w = -5*f - 15, -12 = -5*f - 6*w + 2*w. Let l be -6 + (f - -3) - -4. Calculate the greatest common factor of 3 and l.
1
Let w(v) = v**2 - 21*v - 15. Let g be w(22). What is the greatest common factor of g and 21?
7
Suppose 9*m = 6*m + 18. Suppose -m*i + 297 = -15. What is the highest common factor of i and 39?
13
Let u(n) = 3*n**2 + 16*n + 8. Let t be u(-6). Let z be ((-24)/(-5))/(4/t). Let p = 86 + 10. What is the highest common factor of z and p?
24
Let t = -11 - -14. Let o be (t - 2)/(1/8). Let i be 114/o - (-3)/(-12). What is the highest common factor of 14 and i?
14
Let h = 3 - 15. Let g = h + 21. Let x = 259 - 241. What is the greatest common factor of g and x?
9
Let l = -102 + 134. What is the highest common factor of l and 352?
32
Let q(z) = 3*z**3 - 11*z**2 - z - 6. Let o be q(4). What is the greatest common divisor of o and 62?
2
Suppose -5*h = 4*o - 176, -5*h - 8*o + 6*o = -168. Let q = 133 + -213. Let n be q/(-2*2/4). Calculate the greatest common divisor of h and n.
16
Suppose 4*n = -16*n + 520. Calculate the greatest common factor of n and 2899.
13
Let q be 6495/30 + (-2)/(-4). Calculate the highest common divisor of 93 and q.
31
Let k(u) = -u**3 + u**2 + 4*u + 3. Let p be k(-2). Let a(z) = 3*z**3 + 21*z**2 - 4*z - 14. Let q be a(-7). Calculate the highest common divisor of q and p.
7
Suppose q = 4*q + 4*z - 192, -4*q - 2*z + 246 = 0. What is the greatest common divisor of 40 and q?
20
Suppose -227*x - 22770 = -242*x. What is the greatest common factor of 11 and x?
11
Let t(s) = 19*s + 13. Let p be t(8). Calculate the highest common divisor of 22 and p.
11
Suppose 5 + 20 = 5*a. Suppose 0 = -2*m - a*n + 4*n + 31, 4*m - 2*n = 58. Calculate the highest common factor of 75 and m.
15
Suppose -26*o + 181 = -21*o + 3*i, 3*o - 5*i - 95 = 0. What is the highest common divisor of 25 and o?
5
Let n = -227 - -243. What is the highest common factor of n and 20?
4
Let l(i) = -95*i**3 - i**2 + 2*i - 1. Let y be l(1). Suppose -6*o = -7*o + 2, -4*q = 4*o + 260. Let v = q - y. What is the greatest common divisor of v and 14?
14
Suppose 0 = 96*b - 97*b + 130. What is the greatest common divisor of 20 and b?
10
Let h be (-1188)/(-10) - (-8)/40. Let q(w) = -w**3 + 4*w**2 - 2*w - 3. Let f be q(3). Suppose f = 2*v + 31 - h. What is the highest common factor of 11 and v?
11
Suppose -4*x - 111 = -7*x. Suppose 41 = -3*z - x. Let y = -6 - z. Calculate the highest common divisor of y and 4.
4
Let d = 21 + -20. Let o = -296 - -304. Calculate the highest common divisor of d and o.
1
Let f be 1/(-4) + (-37)/(-4). Let w = -36 + 32. Let s = w + f. Calculate the highest common divisor of 20 and s.
5
Let j 